ist the prime factors of 180801816.
2, 3, 13, 367, 1579
List the prime factors of 3335983165.
5, 79, 8445527
List the prime factors of 65109656.
2, 19, 428353
What are the prime factors of 1417522387?
1417522387
What are the prime factors of 1147995931?
1147995931
What are the prime factors of 34922743?
17, 1301, 1579
List the prime factors of 83419688.
2, 11, 547, 1733
What are the prime factors of 96510433?
41, 2353913
List the prime factors of 6074316625.
5, 13, 19, 196739
What are the prime factors of 68834543?
68834543
What are the prime factors of 58071543?
3, 19, 29, 43
What are the prime factors of 5204707557?
3, 7, 247843217
What are the prime factors of 3914279895?
3, 5, 43, 6068651
List the prime factors of 1742417535.
3, 5, 271, 428639
What are the prime factors of 3713481844?
2, 47, 19752563
What are the prime factors of 14688210?
2, 3, 5, 29, 16883
What are the prime factors of 39973299?
3, 157, 84869
List the prime factors of 2727774644.
2, 7, 17, 5730619
What are the prime factors of 6801400182?
2, 3, 16319, 69463
List the prime factors of 77848620.
2, 3, 5, 1297477
What are the prime factors of 165604081?
61, 1451, 1871
What are the prime factors of 5775064?
2, 721883
What are the prime factors of 70618456?
2, 2309, 3823
List the prime factors of 1094334153.
3, 11, 33161641
List the prime factors of 50219466.
2, 3, 11, 760901
What are the prime factors of 149662476?
2, 3, 47, 197, 449
List the prime factors of 94699395.
3, 5, 7, 23, 4357
What are the prime factors of 644680099?
7, 92097157
List the prime factors of 6441885.
3, 5, 37, 53, 73
What are the prime factors of 1777468?
2, 7, 11, 29, 199
List the prime factors of 191784317.
191784317
List the prime factors of 1603832663.
21011, 76333
What are the prime factors of 93019048?
2, 67, 173543
List the prime factors of 4822721658.
2, 3, 1549, 172969
List the prime factors of 17271958.
2, 11, 53, 14813
What are the prime factors of 527540476?
2, 59, 2235341
List the prime factors of 54507913.
251, 217163
List the prime factors of 83094607.
23, 3612809
What are the prime factors of 1558763253?
3, 29, 607, 9839
List the prime factors of 10233010.
2, 5, 1023301
What are the prime factors of 1140964127?
1140964127
List the prime factors of 2298074958.
2, 3, 37, 349, 9887
What are the prime factors of 2193319734?
2, 3, 18413, 19853
What are the prime factors of 2984885637?
3, 257, 3871447
What are the prime factors of 82731490?
2, 5, 29, 285281
List the prime factors of 1447263295.
5, 17, 17026627
List the prime factors of 69927294.
2, 3, 29, 479, 839
What are the prime factors of 42230732?
2, 83, 131, 971
What are the prime factors of 2051114008?
2, 31, 127, 65123
List the prime factors of 246224978.
2, 83, 1483283
List the prime factors of 21307751.
73, 291887
List the prime factors of 30210967.
2243, 13469
List the prime factors of 881861683.
22109, 39887
What are the prime factors of 6213850?
2, 5, 124277
What are the prime factors of 34554928?
2, 101, 21383
What are the prime factors of 677050526?
2, 1741, 194443
What are the prime factors of 61576807?
61576807
List the prime factors of 311520117.
3, 29, 3580691
What are the prime factors of 456926264?
2, 57115783
List the prime factors of 599889550.
2, 5, 13, 922907
List the prime factors of 254403391.
11, 23, 31, 163, 199
What are the prime factors of 14091307?
281, 50147
List the prime factors of 460904130.
2, 3, 5, 23, 222659
What are the prime factors of 1654510013?
13, 271, 469631
What are the prime factors of 91360323?
3, 97, 104651
What are the prime factors of 157930634?
2, 78965317
What are the prime factors of 9047908744?
2, 7, 31, 89, 157, 373
List the prime factors of 383958371.
59, 89, 73121
What are the prime factors of 885886653?
3, 23, 12838937
List the prime factors of 81465184.
2, 421, 6047
List the prime factors of 1884697163.
17, 1709, 64871
List the prime factors of 2949506925.
3, 5, 2939, 13381
What are the prime factors of 1014618284?
2, 347, 730993
List the prime factors of 156324878.
2, 31, 53, 113, 421
What are the prime factors of 2509368479?
41969, 59791
List the prime factors of 1354728994.
2, 19, 691, 51593
List the prime factors of 481840458.
2, 3, 11, 241, 30293
List the prime factors of 12435939.
3, 23, 60077
What are the prime factors of 344826907?
29, 71, 223, 751
What are the prime factors of 298287222?
2, 3, 97, 512521
What are the prime factors of 35852441?
35852441
What are the prime factors of 37927565?
5, 13, 583501
What are the prime factors of 614267399?
614267399
What are the prime factors of 349952730?
2, 3, 5, 61, 191231
What are the prime factors of 501433414?
2, 250716707
What are the prime factors of 230531917?
7, 11, 17, 139, 181
What are the prime factors of 638740745?
5, 17, 7514597
What are the prime factors of 394215997?
7, 56316571
What are the prime factors of 24884453?
11, 2262223
What are the prime factors of 4310568745?
5, 7, 1979, 62233
List the prime factors of 98374082.
2, 23, 227, 9421
List the prime factors of 30041178.
2, 3, 47, 307, 347
List the prime factors of 72207059.
6949, 10391
What are the prime factors of 177878?
2, 19, 31, 151
What are the prime factors of 96576289?
109, 886021
List the prime factors of 364457380.
2, 5, 7, 461, 5647
List the prime factors of 449010276.
2, 3, 11, 13, 53, 4937
List the prime factors of 3375224.
2, 179, 2357
What are the prime factors of 220847052?
2, 3, 1367, 13463
What are the prime factors of 36275300?
2, 5, 362753
What are the prime factors of 4556278370?
2, 5, 7, 65089691
List the prime factors of 6565979434.
2, 7, 468998531
What are the prime factors of 65683570?
2, 5, 19, 523, 661
List the prime factors of 48457114.
2, 24228557
List the prime factors of 89285352.
2, 3, 13, 286171
What are the prime factors of 123310089?
3, 7, 1957303
List the prime factors of 1424042833.
599, 2377367
What are the prime factors of 737715777?
3, 23, 10691533
What are the prime factors of 416066063?
7, 311, 191119
List the prime factors of 5589954080.
2, 5, 37, 101, 9349
What are the prime factors of 271246723?
11, 24658793
What are the prime factors of 42958495?
5, 173, 49663
List the prime factors of 2595580457.
27059, 95923
List the prime factors of 8910166295.
5, 199, 2381, 3761
List the prime factors of 252431202.
2, 3, 31, 251, 5407
What are the prime factors of 28294989?
3, 43, 421, 521
List the prime factors of 93811717.
61, 1537897
What are the prime factors of 8687956?
2, 2171989
What are the prime factors of 45492466?
2, 79, 83, 3469
List the prime factors of 23191677.
3, 29, 1097
List the prime factors of 17727133.
19, 31, 30097
What are the prime factors of 3868649913?
3, 14387, 89633
List the prime factors of 429748890.
2, 3, 5, 809, 17707
List the prime factors of 352294736.
2, 22018421
What are the prime factors of 609657765?
3, 5, 1693, 24007
What are the prime factors of 1443325753?
283, 937, 5443
List the prime factors of 282432309.
3, 4733, 19891
List the prime factors of 24401493.
3, 71, 4243
What are the prime factors of 305187652?
2, 7, 11, 19, 431
List the prime factors of 1037781531.
3, 38436353
What are the prime factors of 3271287332?
2, 23, 59, 26203
What are the prime factors of 469213725?
3, 5, 59, 107, 991
What are the prime factors of 8407916?
2, 11, 191089
What are the prime factors of 2218592?
2, 19, 41, 89
List the prime factors of 57009350.
2, 5, 73, 15619
List the prime factors of 106118431.
106118431
List the prime factors of 98849517.
3, 13, 2534603
What are the prime factors of 351925335?
3, 5, 73, 149, 719
List the prime factors of 62900186.
2, 31450093
What are the prime factors of 330107971?
73, 4522027
List the prime factors of 2642058543.
3, 29, 30368489
List the prime factors of 127390816.
2, 7, 568709
What are the prime factors of 14274274?
2, 7, 73, 13967
List the prime factors of 46673291.
7, 19, 89, 3943
What are the prime factors of 101336638?
2, 13, 43, 90641
What are the prime factors of 917832348?
2, 3, 25495343
List the prime factors of 351487349.
2137, 164477
What are the prime factors of 363332438?
2, 7, 281, 92357
List the prime factors of 82058753.
7, 41, 137, 2087
What are the prime factors of 120607334?
2, 60303667
What are the prime factors of 233327239?
19, 103, 1192